. Let t be z(0). Calculate the remainder when k(12) is divided by t/(-9) - (-1 + 0).
25
Suppose 2*v - 3*v + 2 = 0. Suppose v*t = -0*f + 2*f - 2, 2*f - 20 = -4*t. Suppose 0*m = -12*m + 60. What is the remainder when m is divided by f?
1
Let r be (-1 + 1)/(-1) + -2. Suppose -25*g + 73*g = 1536. Calculate the remainder when g is divided by (1 - (r - -4)) + 12.
10
Suppose -3*r = -2*o - 106 - 173, 3*o + 372 = 4*r. Suppose 1 = c - 3, 5*z - r = 3*c. Calculate the remainder when z is divided by 8.
5
Suppose -m = -5*m + 8. Suppose -m*q + 3*g = -155 - 115, -q + 125 = -4*g. What is the remainder when q is divided by 36?
33
Suppose 26*v - 4053 + 907 = 0. Suppose f - 13 = 28. What is the remainder when v is divided by f?
39
Suppose -2*t = -2*f - 34, 58 - 13 = 3*t - f. What is the remainder when t is divided by 9?
5
Let w(m) = 5*m + 50 - 40 + 36 - 3*m. Suppose 4 = 2*x + 3*o - 9, 2*o + 80 = 5*x. Calculate the remainder when x is divided by w(-21).
2
Let h(y) = -6*y - 4. Let a be h(-1). Suppose 3*r + a*s - 33 = 63, 3 = s. What is the remainder when r is divided by 11?
8
Let t = -653 - -666. What is the remainder when 177 is divided by t?
8
Let t(w) = w**2 + 129. Calculate the remainder when t(0) is divided by 22.
19
Let p(u) = u + 18. Let r be p(-9). Suppose -t - r = -2*t. What is the remainder when t is divided by 1?
0
Suppose -9*r - 7*r + 352 = 0. What is the remainder when 30 is divided by r?
8
Suppose -2*m + 7*m = 5*t + 95, -3*m - 4*t + 36 = 0. Let y = m + -2. Let b(c) = c**3 - 14*c**2 + 12. What is the remainder when b(y) is divided by 3?
0
Let p(s) = -5*s - 7. Let o be p(14). Let u = o - -114. What is the remainder when 70 is divided by u?
33
Suppose 0 = 2*z + 7 - 9. Let x(c) = c**3 - c - 2*c**2 - 3*c - 2 + 2*c. Calculate the remainder when x(3) is divided by z.
0
Let z = 1 + 1. Suppose 0*c = c + 43. Calculate the remainder when 6*(-1)/z - c is divided by 14.
12
Let v = 33 + -13. Let z = 2245 + -2234. Calculate the remainder when v is divided by z.
9
Let j = -5 - -10. Let n be (-8)/(-60)*5*3. Suppose -3*d + 18 = z, -z + n*z - 4 = -d. What is the remainder when d is divided by j?
2
Suppose w - 20 = -3*h, 9*w = -h + 4*w + 30. Let k(r) = 3*r**2 + r. Calculate the remainder when k(1) is divided by 1 - 3 - -1*h.
1
Let a be -7 + 11 - (1 + 14). Let o(c) = -8*c - 21. Calculate the remainder when o(a) is divided by 35.
32
Suppose 0 = 10*k - 280 + 20. Calculate the remainder when 124 is divided by k.
20
Suppose -94 = 5*f - 294. What is the remainder when 305 is divided by f?
25
Let j(x) = -26*x - 139. Calculate the remainder when 284 is divided by j(-9).
94
Suppose -133 + 46 = -3*o. Let r(l) = -13*l - 411. Calculate the remainder when o is divided by r(-33).
11
Let c = 94 - 80. What is the remainder when 16 is divided by c?
2
Let h be (0 - -1)/((-5)/(-15)). Suppose h = -q - 6. Let o(t) = -t**3 - 8*t**2 - t - 13. What is the remainder when o(q) is divided by 16?
13
Suppose -u - 4*u = 0. Let d be u*(28/16)/7. Suppose d*m - 4*m + 168 = 0. What is the remainder when m is divided by 11?
9
Let f(n) = 32*n - 256. What is the remainder when f(20) is divided by 15?
9
Suppose 4*v + 3*g + g - 316 = 0, -251 = -3*v + 4*g. Calculate the remainder when v is divided by (-4)/(-22) + 2508/(-484) - -26.
18
Let y(d) = 3*d + 16. What is the remainder when 120 is divided by y(17)?
53
Let u(k) = -k - 11. Let g be u(-16). Suppose 145 = 2*c + g*b - 189, c - b - 153 = 0. Calculate the remainder when c is divided by 40.
37
Let w(k) = 2*k**2 - 2*k. Let n be w(0). Suppose n = -7*m + 3*m + 16. What is the remainder when 14 is divided by m?
2
Let i(r) = r**3 + 5*r**2 + 3*r + 5. Let q be i(-6). Let k = -33 - q. Let d = k - 10. Calculate the remainder when 9 is divided by d.
3
Let i = 9 - -1. Suppose 8*l = 7*l - i. What is the remainder when 14 is divided by 36/15*l/(-3)?
6
Let s(r) be the third derivative of r**5/12 - r**4/6 + 5*r**3/3 + 5*r**2. Let c = -25 + 47. Calculate the remainder when s(3) is divided by c.
21
Suppose -1125 = -16*o + o. What is the remainder when o is divided by 41?
34
Suppose 27*b = 43*b - 4784. What is the remainder when b is divided by 10?
9
Suppose -3*f + 9 = 0, -5*f - 9 = -12*t + 10*t. What is the remainder when 50 is divided by t?
2
Let c(x) = -3*x**2 - 11*x + 4. Let s(t) = -10*t**2 - 34*t + 13. Let p(g) = 7*c(g) - 2*s(g). Let z = 101 + -62. What is the remainder when z is divided by p(-8)?
9
Let m be 2810/35 - (-6)/(-21). Suppose 4*q = 4 + m. What is the remainder when -2 - (-4 + q/(-1)) is divided by 12?
11
Let a be 13158/45 + (-4)/10. Suppose 2*d - a = 106. Let u = d - 124. Calculate the remainder when u is divided by 13.
10
Suppose 0 = -5*h - 4*l + 261, -5*l + 40 = 2*h - 61. Let f = -44 + 71. What is the remainder when h is divided by f?
26
Let u = 427 + -220. Calculate the remainder when u is divided by 10.
7
Let c = 27 + -12. Suppose -96 = -f + c. What is the remainder when f is divided by 28?
27
Let g(k) = k**3 + k - 10. Let b be g(0). Let d(i) = -i**3 - 11*i**2 - 9*i + 2. Let j be d(b). Let v = j + 11. Calculate the remainder when v is divided by 2.
1
Let h(z) = -z**3 + 16*z**2 + 8*z + 43. What is the remainder when h(16) is divided by ((-129)/(-6))/(2/4)?
42
Suppose 0 = -9*n + 68 + 130. Calculate the remainder when 33 is divided by n.
11
Let n(j) = -j**3 + 13*j**2 + 3*j - 7. Let a = -8 - -22. Let x(d) = -d**3 + 15*d**2 - 4*d - 13. What is the remainder when x(a) is divided by n(13)?
31
Suppose -3*h = -6*h + b + 28, h + 4*b = 5. Suppose -h*z + 53 = -28. What is the remainder when 17 is divided by z?
8
Let n = -66 - -37. Let d = n + 38. Calculate the remainder when 33 is divided by d.
6
Let g = -102 - -132. What is the remainder when 1257 is divided by g?
27
Suppose 0 = -7*n + 2*n - 25. Let h be n + 3 + 0 - -1. Calculate the remainder when 4 is divided by 17 + -15 + 1 + h.
0
Suppose -60 = -14*p + 9*p. What is the remainder when (-1 - 0)*(-25 - 0) is divided by (p - 26)/((0 - 2) + 1)?
11
Suppose 5*a - 6*a = -3*v + 211, 4*v - 3*a - 283 = 0. Calculate the remainder when 1819 is divided by v.
69
Suppose -16*f + 3*f + 247 = 0. Calculate the remainder when 94 is divided by f.
18
Let c(g) = 8*g - 4. Suppose n + 125 = 2*s, -s - 2*n = -10 - 45. Suppose -x = -u + s, -u - 5*x + 275 = 4*u. Calculate the remainder when u is divided by c(3).
18
Suppose 3*u + 168 = 15*u. Suppose g + n = -n + 46, 5*n = g - 74. What is the remainder when g is divided by u?
12
Suppose -134 = -4*c - 3*x, 0 = c - 6*c + x + 158. Suppose 2*a - 6 = -4*s, -4*a = 4*s + 37 - 57. What is the remainder when c is divided by a?
4
Let c = 2493 - 2107. Calculate the remainder when c is divided by 23.
18
Suppose -10*n + 234 = -326. What is the remainder when 117 is divided by n?
5
Suppose 0 = 6*f + 49 - 445. What is the remainder when f is divided by 10?
6
Let l(x) = -x**3 + 8*x**2 + 18*x + 14. What is the remainder when l(-4) is divided by 75?
59
Let c(u) = -3*u**3 + 17*u**2 + u - 7. Let v(r) = -4*r**3 + 16*r**2 - 8. Let s(w) = -5*c(w) + 4*v(w). Calculate the remainder when s(-21) is divided by 22.
20
What is the remainder when (-1 + -1)*(-550)/20 is divided by 22?
11
Suppose 8*a = 4*a. Suppose 2*i + l - 3*l - 46 = a, -2*i - 2*l + 46 = 0. What is the remainder when 43 is divided by i?
20
Let i be (24/10)/(-1 - 32/(-30)). Let l = 10 + i. What is the remainder when l is divided by 4/6 - (-34)/3?
10
Suppose 0 = 20*y - 96 - 4. Suppose -2*o + 60 = 3*o. Calculate the remainder when o is divided by y.
2
Let t(w) = -w**2 - 13*w - 38. Let b be t(-7). Suppose 25 = -b*c + 41. What is the remainder when 13 is divided by c?
1
Let c = -7 + 9. Suppose -c*f = 12 - 70. Let g = -40 + 50. Calculate the remainder when f is divided by g.
9
Let h = 359 + -237. Suppose 73 + 52 = 5*y. Calculate the remainder when h is divided by y.
22
Calculate the remainder when 92 is divided by ((-162)/8)/((-366)/976).
38
Let b = -58 + -215. Let h be 4 - (3 + -3) - b. Suppose h - 97 = 4*z. Calculate the remainder when z is divided by 23.
22
Suppose -h + 58 - 9 = -4*f, -h = 4*f - 25. Calculate the remainder when 697 is divided by h.
31
Let y be (-1)/((1 - 0)*(-3)/(-9)). Let c = y - -19. Let x = 92 - 45. Calculate the remainder when x is divided by c.
15
Suppose 3*s = s + 14. Suppose 4*r = 3*d - 505 + 160, 3*r + 250 = 4*d. What is the remaind